{"id":109,"date":"2024-02-26T15:29:33","date_gmt":"2024-02-26T18:29:33","guid":{"rendered":"https:\/\/depositobotafogo.com.br\/?product=caixa-pluvial-10lt-mallton"},"modified":"2024-02-26T15:58:28","modified_gmt":"2024-02-26T18:58:28","slug":"caixa-pluvial-10lt-mallton","status":"publish","type":"product","link":"https:\/\/depositobotafogo.com.br\/?product=caixa-pluvial-10lt-mallton","title":{"rendered":"CAIXA PLUVIAL 10LT MALLTON"},"content":{"rendered":"<p>Ideal para drenagem de \u00e1guas pluviais em \u00e1reas internas.<\/p>\n<p>Destinada a recolher detritos por deposi\u00e7\u00e3o.<\/p>\n<p>ACABAMENTO AJUDA NO ALINHAMENTO COM O PISO<\/p>\n<p>FABRICADA NA COR CINZA, MEDINDO 27 x 27 x 25 cm<\/p>\n<p>POSSUI:<\/p>\n<p>1 SA\u00cdDA DE 100 MM<br \/>\n3 ESTRADAS DE 40 E 50 MM<br \/>\n1 ENTRADA DE 100<\/p>\n<p>CAPACIDADE DE 10 LITROS PESANDO 1,2 Kg<\/p>\n<p>ITENS INCLUSO: CAIXA E TAMPA<\/p>\n<p>PRODUTO ESTA DE ACORDO COM AS NORMAS DA NBR 8160<\/p>\n","protected":false},"excerpt":{"rendered":"<p>Ideal para drenagem de \u00e1guas pluviais em \u00e1reas internas. Destinada a recolher detritos por deposi\u00e7\u00e3o. ACABAMENTO AJUDA NO ALINHAMENTO COM&hellip;<\/p>\n","protected":false},"featured_media":108,"template":"","meta":[],"product_brand":[],"product_cat":[20],"product_tag":[],"class_list":{"0":"post-109","1":"product","2":"type-product","3":"status-publish","4":"has-post-thumbnail","6":"product_cat-hidraulica","8":"first","9":"instock","10":"shipping-taxable","11":"product-type-simple"},"_links":{"self":[{"href":"https:\/\/depositobotafogo.com.br\/index.php?rest_route=\/wp\/v2\/product\/109","targetHints":{"allow":["GET"]}}],"collection":[{"href":"https:\/\/depositobotafogo.com.br\/index.php?rest_route=\/wp\/v2\/product"}],"about":[{"href":"https:\/\/depositobotafogo.com.br\/index.php?rest_route=\/wp\/v2\/types\/product"}],"wp:featuredmedia":[{"embeddable":true,"href":"https:\/\/depositobotafogo.com.br\/index.php?rest_route=\/wp\/v2\/media\/108"}],"wp:attachment":[{"href":"https:\/\/depositobotafogo.com.br\/index.php?rest_route=%2Fwp%2Fv2%2Fmedia&parent=109"}],"wp:term":[{"taxonomy":"product_brand","embeddable":true,"href":"https:\/\/depositobotafogo.com.br\/index.php?rest_route=%2Fwp%2Fv2%2Fproduct_brand&post=109"},{"taxonomy":"product_cat","embeddable":true,"href":"https:\/\/depositobotafogo.com.br\/index.php?rest_route=%2Fwp%2Fv2%2Fproduct_cat&post=109"},{"taxonomy":"product_tag","embeddable":true,"href":"https:\/\/depositobotafogo.com.br\/index.php?rest_route=%2Fwp%2Fv2%2Fproduct_tag&post=109"}],"curies":[{"name":"wp","href":"https:\/\/api.w.org\/{rel}","templated":true}]}}