{"id":114,"date":"2024-02-26T15:29:37","date_gmt":"2024-02-26T18:29:37","guid":{"rendered":"https:\/\/depositobotafogo.com.br\/?product=caixa-de-gordura-sif-50lt-mallton"},"modified":"2024-02-26T15:58:10","modified_gmt":"2024-02-26T18:58:10","slug":"caixa-de-gordura-sif-50lt-mallton","status":"publish","type":"product","link":"https:\/\/depositobotafogo.com.br\/?product=caixa-de-gordura-sif-50lt-mallton","title":{"rendered":"CAIXA DE GORDURA SIF 50LT MALLTON"},"content":{"rendered":"<p>UTILIZADA PARA COLETAR \u00c1GUA PROVENIENTE DA PIA DA COZINHA, PODENDO SER LIGADA ATE 2 COZINHAS NA MESMA CAIXA.<\/p>\n<p>SISTEMA INOVADOR, FUNCIONAL E PRATICO CONTEM UM CESTO REFIL QUE FACILITA SUA LIMPEZA PERI\u00d3DICA, COMPOSTA DE DUAS GALERIAS SENDO UMA TAMPA FIXA E OUTRA M\u00d3VEL<\/p>\n<p>FECHAMENTO HERM\u00c9TICO, EVITANDO O MAL CHEIRO, POSSUI V\u00c1RIOS ORIF\u00cdCIOS ( ENTRADAS DE 50\/75 E 100 MM E SA\u00cdDAS DE 100 MM, FACILITANDO SUA INSTALA\u00c7\u00c3O.<\/p>\n<p>FABRICADA EM POLIPROPILENO (PP) &#8211;<br \/>\nCOR: PRETA<br \/>\nMEDIDAS 52,5 X 29 X 49,5 CM<br \/>\nPESO 4 KG.<br \/>\nRESISTENTE DE F\u00c1CIL MANUSEIO E INSTALA\u00c7\u00c3O<\/p>\n<p>PRODUTO ESTA DE ACORDO COM AS NORMAS DA NBR 8160<\/p>\n","protected":false},"excerpt":{"rendered":"<p>UTILIZADA PARA COLETAR \u00c1GUA PROVENIENTE DA PIA DA COZINHA, PODENDO SER LIGADA ATE 2 COZINHAS NA MESMA CAIXA. SISTEMA INOVADOR,&hellip;<\/p>\n","protected":false},"featured_media":113,"template":"","meta":[],"product_brand":[],"product_cat":[20],"product_tag":[],"class_list":{"0":"post-114","1":"product","2":"type-product","3":"status-publish","4":"has-post-thumbnail","6":"product_cat-hidraulica","8":"first","9":"instock","10":"shipping-taxable","11":"product-type-simple"},"_links":{"self":[{"href":"https:\/\/depositobotafogo.com.br\/index.php?rest_route=\/wp\/v2\/product\/114","targetHints":{"allow":["GET"]}}],"collection":[{"href":"https:\/\/depositobotafogo.com.br\/index.php?rest_route=\/wp\/v2\/product"}],"about":[{"href":"https:\/\/depositobotafogo.com.br\/index.php?rest_route=\/wp\/v2\/types\/product"}],"wp:featuredmedia":[{"embeddable":true,"href":"https:\/\/depositobotafogo.com.br\/index.php?rest_route=\/wp\/v2\/media\/113"}],"wp:attachment":[{"href":"https:\/\/depositobotafogo.com.br\/index.php?rest_route=%2Fwp%2Fv2%2Fmedia&parent=114"}],"wp:term":[{"taxonomy":"product_brand","embeddable":true,"href":"https:\/\/depositobotafogo.com.br\/index.php?rest_route=%2Fwp%2Fv2%2Fproduct_brand&post=114"},{"taxonomy":"product_cat","embeddable":true,"href":"https:\/\/depositobotafogo.com.br\/index.php?rest_route=%2Fwp%2Fv2%2Fproduct_cat&post=114"},{"taxonomy":"product_tag","embeddable":true,"href":"https:\/\/depositobotafogo.com.br\/index.php?rest_route=%2Fwp%2Fv2%2Fproduct_tag&post=114"}],"curies":[{"name":"wp","href":"https:\/\/api.w.org\/{rel}","templated":true}]}}