{"id":1159,"date":"2025-05-28T15:13:27","date_gmt":"2025-05-28T18:13:27","guid":{"rendered":"https:\/\/depositobotafogo.com.br\/?post_type=product&#038;p=1159"},"modified":"2025-05-28T15:13:27","modified_gmt":"2025-05-28T18:13:27","slug":"parafusadeira-furadeira-12v-c-1bateria-razi","status":"publish","type":"product","link":"https:\/\/depositobotafogo.com.br\/?product=parafusadeira-furadeira-12v-c-1bateria-razi","title":{"rendered":"PARAFUSADEIRA\/FURADEIRA 12V C\/1BATERIA RAZI"},"content":{"rendered":"<p>A Furadeira e Parafusadeira 12V \u00e9 compacta e super ergon\u00f4mica, ideal para hobbistas e pequenos artesanatos. Caracter\u00edsticas: &#8211; Soft Grip &#8211; Interruptor com VVR &#8211; Caixa Engrenagem em Alum\u00ednio &#8211; Anel com Regulagem de Torque &#8211; Atuador de Velocidade &#8211; Atuador de Revers\u00e3o<\/p>\n","protected":false},"excerpt":{"rendered":"<p>A Furadeira e Parafusadeira 12V \u00e9 compacta e super ergon\u00f4mica, ideal para hobbistas e pequenos artesanatos. Caracter\u00edsticas: &#8211; Soft Grip&hellip;<\/p>\n","protected":false},"featured_media":1162,"template":"","meta":[],"product_brand":[],"product_cat":[15,73],"product_tag":[330,325,326,328,316,329,324,315,337,347,317,348,336,338,327,349,82,335,331,344,345,306,333,341,350,322,323,313,342,343,339,332,334,304,309,319,312,307,310,318,311,308,305,346,314,352,351,340,320,321],"class_list":{"0":"post-1159","1":"product","2":"type-product","3":"status-publish","4":"has-post-thumbnail","6":"product_cat-sem-categoria","7":"product_cat-ferramentas","8":"product_tag-acessorios","9":"product_tag-bateria-de-litio","10":"product_tag-bateria-removivel","11":"product_tag-bits","12":"product_tag-bricolagem","13":"product_tag-brocas","14":"product_tag-carregador-bivolt","15":"product_tag-construcao","16":"product_tag-construcao-civil","17":"product_tag-desempenho","18":"product_tag-diy","19":"product_tag-durabilidade","20":"product_tag-eletrica-portatil","21":"product_tag-eletricista","22":"product_tag-encaixe-rapido","23":"product_tag-ergonomia","24":"product_tag-ferramenta-eletrica","25":"product_tag-ferramenta-portatil","26":"product_tag-fixacao","27":"product_tag-furadeira","28":"product_tag-furadeira-e-parafusadeira","29":"product_tag-furar","30":"product_tag-instalacao","31":"product_tag-instalador","32":"product_tag-leveza","33":"product_tag-mandril","34":"product_tag-mandril-rapido","35":"product_tag-manutencao","36":"product_tag-manutencao-predial","37":"product_tag-manutencao-residencial","38":"product_tag-marceneiro","39":"product_tag-montagem-de-moveis","40":"product_tag-obra","41":"product_tag-parafusadeira","42":"product_tag-parafusadeira-a-bateria","43":"product_tag-parafusadeira-compacta","44":"product_tag-parafusadeira-domestica","45":"product_tag-parafusadeira-eletrica","46":"product_tag-parafusadeira-industrial","47":"product_tag-parafusadeira-portatil","48":"product_tag-parafusadeira-profissional","49":"product_tag-parafusadeira-sem-fio","50":"product_tag-parafusar","51":"product_tag-potencia","52":"product_tag-reforma","53":"product_tag-resistencia","54":"product_tag-robustez","55":"product_tag-serralheiro","56":"product_tag-torque-ajustavel","57":"product_tag-velocidade-variavel","59":"first","60":"instock","61":"shipping-taxable","62":"product-type-simple"},"_links":{"self":[{"href":"https:\/\/depositobotafogo.com.br\/index.php?rest_route=\/wp\/v2\/product\/1159","targetHints":{"allow":["GET"]}}],"collection":[{"href":"https:\/\/depositobotafogo.com.br\/index.php?rest_route=\/wp\/v2\/product"}],"about":[{"href":"https:\/\/depositobotafogo.com.br\/index.php?rest_route=\/wp\/v2\/types\/product"}],"wp:featuredmedia":[{"embeddable":true,"href":"https:\/\/depositobotafogo.com.br\/index.php?rest_route=\/wp\/v2\/media\/1162"}],"wp:attachment":[{"href":"https:\/\/depositobotafogo.com.br\/index.php?rest_route=%2Fwp%2Fv2%2Fmedia&parent=1159"}],"wp:term":[{"taxonomy":"product_brand","embeddable":true,"href":"https:\/\/depositobotafogo.com.br\/index.php?rest_route=%2Fwp%2Fv2%2Fproduct_brand&post=1159"},{"taxonomy":"product_cat","embeddable":true,"href":"https:\/\/depositobotafogo.com.br\/index.php?rest_route=%2Fwp%2Fv2%2Fproduct_cat&post=1159"},{"taxonomy":"product_tag","embeddable":true,"href":"https:\/\/depositobotafogo.com.br\/index.php?rest_route=%2Fwp%2Fv2%2Fproduct_tag&post=1159"}],"curies":[{"name":"wp","href":"https:\/\/api.w.org\/{rel}","templated":true}]}}