{"id":1267,"date":"2025-05-29T15:48:28","date_gmt":"2025-05-29T18:48:28","guid":{"rendered":"https:\/\/depositobotafogo.com.br\/?post_type=product&#038;p=1267"},"modified":"2025-05-29T15:48:28","modified_gmt":"2025-05-29T18:48:28","slug":"esmerilhadeira-angular-600w-makita","status":"publish","type":"product","link":"https:\/\/depositobotafogo.com.br\/?product=esmerilhadeira-angular-600w-makita","title":{"rendered":"ESMERILHADEIRA ANGULAR 600W &#8211; MAKITA"},"content":{"rendered":"<p>Esmerilhadeira angular 4.1\/2&#8243; 600 watts &#8211; M0901B<\/p>\n<p>A Esmerilhadeira angular 4.1\/2&#8243; 600 watts M0901B da Makita \u00e9 indicada para uso na \u00e1rea automotiva, serralheria, funilaria, entre outros profissionais.<\/p>\n<p>A M0901B comporta discos de 4.1\/2&#8243; (115mm), possui pot\u00eancia de 600 watts, 12.000 rota\u00e7\u00f5es por minuto, punho lateral, gatilho deslizante, corpo compacto, dupla isola\u00e7\u00e3o e bot\u00e3o trava do eixo para troca de disco facilitada.<\/p>\n<p>Especifica\u00e7\u00f5es T\u00e9cnicas:<\/p>\n<p>Pot\u00eancia: 600 watts<br \/>\nTamanho do disco: 115mm<br \/>\nRota\u00e7\u00f5es por minuto: 12.000<br \/>\nLinha: Makita MT.<\/p>\n<p>Itens Inclusos:<\/p>\n<p>Punho lateral.<\/p>\n","protected":false},"excerpt":{"rendered":"<p>Esmerilhadeira angular 4.1\/2&#8243; 600 watts &#8211; M0901B A Esmerilhadeira angular 4.1\/2&#8243; 600 watts M0901B da Makita \u00e9 indicada para uso&hellip;<\/p>\n","protected":false},"featured_media":1271,"template":"","meta":[],"product_brand":[],"product_cat":[15,73],"product_tag":[],"class_list":{"0":"post-1267","1":"product","2":"type-product","3":"status-publish","4":"has-post-thumbnail","6":"product_cat-sem-categoria","7":"product_cat-ferramentas","9":"first","10":"instock","11":"shipping-taxable","12":"product-type-simple"},"_links":{"self":[{"href":"https:\/\/depositobotafogo.com.br\/index.php?rest_route=\/wp\/v2\/product\/1267","targetHints":{"allow":["GET"]}}],"collection":[{"href":"https:\/\/depositobotafogo.com.br\/index.php?rest_route=\/wp\/v2\/product"}],"about":[{"href":"https:\/\/depositobotafogo.com.br\/index.php?rest_route=\/wp\/v2\/types\/product"}],"wp:featuredmedia":[{"embeddable":true,"href":"https:\/\/depositobotafogo.com.br\/index.php?rest_route=\/wp\/v2\/media\/1271"}],"wp:attachment":[{"href":"https:\/\/depositobotafogo.com.br\/index.php?rest_route=%2Fwp%2Fv2%2Fmedia&parent=1267"}],"wp:term":[{"taxonomy":"product_brand","embeddable":true,"href":"https:\/\/depositobotafogo.com.br\/index.php?rest_route=%2Fwp%2Fv2%2Fproduct_brand&post=1267"},{"taxonomy":"product_cat","embeddable":true,"href":"https:\/\/depositobotafogo.com.br\/index.php?rest_route=%2Fwp%2Fv2%2Fproduct_cat&post=1267"},{"taxonomy":"product_tag","embeddable":true,"href":"https:\/\/depositobotafogo.com.br\/index.php?rest_route=%2Fwp%2Fv2%2Fproduct_tag&post=1267"}],"curies":[{"name":"wp","href":"https:\/\/api.w.org\/{rel}","templated":true}]}}