{"id":1295,"date":"2025-05-31T10:14:48","date_gmt":"2025-05-31T13:14:48","guid":{"rendered":"https:\/\/depositobotafogo.com.br\/?post_type=product&#038;p=1295"},"modified":"2025-05-31T10:14:48","modified_gmt":"2025-05-31T13:14:48","slug":"torno-bancada-n4-c-mordentes-metalicos-somar","status":"publish","type":"product","link":"https:\/\/depositobotafogo.com.br\/?product=torno-bancada-n4-c-mordentes-metalicos-somar","title":{"rendered":"Torno Bancada N4 C\/ Mordentes Metalicos &#8211; Somar"},"content":{"rendered":"<p>&#8211; O torno de bancada \u00e9 um equipamento de grande versatilidade para uso em ferramentarias, oficinas, ind\u00fastrias, entre outros locais. Permite um ajuste leve e preciso, com resist\u00eancia para uma aplica\u00e7\u00e3o adequada, sendo um produto robusto e essencial na rotina profissional.<\/p>\n<p>CARACTER\u00cdSTICAS:<br \/>\n&#8211; Mordentes em a\u00e7o temperado e cementado, proporcionando precis\u00e3o na fixa\u00e7\u00e3o das pe\u00e7as.<br \/>\n&#8211; Fabricado em ferro fundido nodular, oferecendo resist\u00eancia e durabilidade para trabalhos de alto impacto.<br \/>\n&#8211; Fuso em a\u00e7o forjado com rosca trapezoidal, que permite uma abertura suave, r\u00e1pida e precisa.<\/p>\n<p>ESPECIFICA\u00c7\u00d5ES:<br \/>\n&#8211; Modelo: Torno 4\u201d<br \/>\n&#8211; Largura Mordente: 101,6mm<br \/>\n&#8211; Abertura m\u00e1xima: 101,6mm.<\/p>\n","protected":false},"excerpt":{"rendered":"<p>&#8211; O torno de bancada \u00e9 um equipamento de grande versatilidade para uso em ferramentarias, oficinas, ind\u00fastrias, entre outros locais.&hellip;<\/p>\n","protected":false},"featured_media":1296,"template":"","meta":[],"product_brand":[],"product_cat":[15,73],"product_tag":[],"class_list":{"0":"post-1295","1":"product","2":"type-product","3":"status-publish","4":"has-post-thumbnail","6":"product_cat-sem-categoria","7":"product_cat-ferramentas","9":"first","10":"instock","11":"shipping-taxable","12":"product-type-simple"},"_links":{"self":[{"href":"https:\/\/depositobotafogo.com.br\/index.php?rest_route=\/wp\/v2\/product\/1295","targetHints":{"allow":["GET"]}}],"collection":[{"href":"https:\/\/depositobotafogo.com.br\/index.php?rest_route=\/wp\/v2\/product"}],"about":[{"href":"https:\/\/depositobotafogo.com.br\/index.php?rest_route=\/wp\/v2\/types\/product"}],"wp:featuredmedia":[{"embeddable":true,"href":"https:\/\/depositobotafogo.com.br\/index.php?rest_route=\/wp\/v2\/media\/1296"}],"wp:attachment":[{"href":"https:\/\/depositobotafogo.com.br\/index.php?rest_route=%2Fwp%2Fv2%2Fmedia&parent=1295"}],"wp:term":[{"taxonomy":"product_brand","embeddable":true,"href":"https:\/\/depositobotafogo.com.br\/index.php?rest_route=%2Fwp%2Fv2%2Fproduct_brand&post=1295"},{"taxonomy":"product_cat","embeddable":true,"href":"https:\/\/depositobotafogo.com.br\/index.php?rest_route=%2Fwp%2Fv2%2Fproduct_cat&post=1295"},{"taxonomy":"product_tag","embeddable":true,"href":"https:\/\/depositobotafogo.com.br\/index.php?rest_route=%2Fwp%2Fv2%2Fproduct_tag&post=1295"}],"curies":[{"name":"wp","href":"https:\/\/api.w.org\/{rel}","templated":true}]}}