{"id":1327,"date":"2025-07-24T13:17:23","date_gmt":"2025-07-24T16:17:23","guid":{"rendered":"https:\/\/depositobotafogo.com.br\/?post_type=product&#038;p=1327"},"modified":"2025-08-25T14:02:01","modified_gmt":"2025-08-25T17:02:01","slug":"piso-fiorano-corta-grey-plus","status":"publish","type":"product","link":"https:\/\/depositobotafogo.com.br\/?product=piso-fiorano-corta-grey-plus","title":{"rendered":"PISO FIORANO CORTA GREY PLUS"},"content":{"rendered":"<p><em><strong>INFORMA\u00c7\u00d5ES DO PRODUTO<\/strong><\/em><\/p>\n<table>\n<tbody>\n<tr>\n<th>Estilo:<\/th>\n<th><strong>Ciment\u00edcio<\/strong><\/th>\n<\/tr>\n<\/tbody>\n<\/table>\n<table>\n<tbody>\n<tr>\n<th>Maior resist\u00eancia a marca d&#8217;\u00e1gua:<\/th>\n<th><strong>Sim<\/strong><\/th>\n<\/tr>\n<\/tbody>\n<\/table>\n<table>\n<tbody>\n<tr>\n<th>Relevo:<\/th>\n<th><strong>N\u00e3o<\/strong><\/th>\n<\/tr>\n<\/tbody>\n<\/table>\n<p><strong>Retificado: Sim<\/strong><\/p>\n","protected":false},"excerpt":{"rendered":"<p>INFORMA\u00c7\u00d5ES DO PRODUTO Estilo: Ciment\u00edcio Maior resist\u00eancia a marca d&#8217;\u00e1gua: Sim Relevo: N\u00e3o Retificado: Sim<\/p>\n","protected":false},"featured_media":1328,"template":"","meta":[],"product_brand":[],"product_cat":[35],"product_tag":[46,55],"class_list":{"0":"post-1327","1":"product","2":"type-product","3":"status-publish","4":"has-post-thumbnail","6":"product_cat-revestimentos-pisos-e-porcelanatos","7":"product_tag-revestimento","8":"product_tag-revestimento-retificado","10":"first","11":"instock","12":"shipping-taxable","13":"product-type-simple"},"_links":{"self":[{"href":"https:\/\/depositobotafogo.com.br\/index.php?rest_route=\/wp\/v2\/product\/1327","targetHints":{"allow":["GET"]}}],"collection":[{"href":"https:\/\/depositobotafogo.com.br\/index.php?rest_route=\/wp\/v2\/product"}],"about":[{"href":"https:\/\/depositobotafogo.com.br\/index.php?rest_route=\/wp\/v2\/types\/product"}],"wp:featuredmedia":[{"embeddable":true,"href":"https:\/\/depositobotafogo.com.br\/index.php?rest_route=\/wp\/v2\/media\/1328"}],"wp:attachment":[{"href":"https:\/\/depositobotafogo.com.br\/index.php?rest_route=%2Fwp%2Fv2%2Fmedia&parent=1327"}],"wp:term":[{"taxonomy":"product_brand","embeddable":true,"href":"https:\/\/depositobotafogo.com.br\/index.php?rest_route=%2Fwp%2Fv2%2Fproduct_brand&post=1327"},{"taxonomy":"product_cat","embeddable":true,"href":"https:\/\/depositobotafogo.com.br\/index.php?rest_route=%2Fwp%2Fv2%2Fproduct_cat&post=1327"},{"taxonomy":"product_tag","embeddable":true,"href":"https:\/\/depositobotafogo.com.br\/index.php?rest_route=%2Fwp%2Fv2%2Fproduct_tag&post=1327"}],"curies":[{"name":"wp","href":"https:\/\/api.w.org\/{rel}","templated":true}]}}