{"id":328,"date":"2024-04-16T09:00:58","date_gmt":"2024-04-16T12:00:58","guid":{"rendered":"https:\/\/depositobotafogo.com.br\/?post_type=product&#038;p=328"},"modified":"2024-04-16T09:05:03","modified_gmt":"2024-04-16T12:05:03","slug":"argamassa-fassa-bortolo-ac2-20kg","status":"publish","type":"product","link":"https:\/\/depositobotafogo.com.br\/?product=argamassa-fassa-bortolo-ac2-20kg","title":{"rendered":"ARGAMASSA FASSA BORTOLO AC2 20KG"},"content":{"rendered":"<div class=\"product-descrizione-wrapper product-item-wrapper\">\n<div class=\"product-descrizione\">\n<p>Argamassa colante para cer\u00e2micas em \u00e1reas internas e externas. Cor: Cinza<\/p>\n<\/div>\n<\/div>\n<div class=\"product-impiego-wrapper product-item-wrapper\">\n<div class=\"product-label\">\n<h3>Utiliza\u00e7\u00e3o<\/h3>\n<\/div>\n<div class=\"product-impiego\">\n<p>FASSA.COLA EXTERIOR AC II \u00e9 utilizada para o assentamento de:<\/p>\n<p>Cer\u00e2micas de m\u00e9dia e alta absor\u00e7\u00e3o de \u00e1gua (&gt; 3%), com at\u00e9 120 x 120 cm em \u00e1reas internas e 80 x 80 cm em \u00e1reas externas, tanto em pisos quanto em paredes (exceto fachadas)<\/p>\n<p>Porcelanato em \u00e1reas internas 100 x 100 cm<\/p>\n<p>Assentamento de pedra natural, m\u00e1rmore e granito de at\u00e9 80 x 80 cm, est\u00e1veis \u00e0 umidade e n\u00e3o sujeitos \u00e0 manchas, em ambientes internos<\/p>\n<p>Assentamento em ambientes com alto tr\u00e1fego de pedestres<\/p>\n<p>N\u00e3o utilizar nos seguintes casos:<\/p>\n<p>Assentamento em piscina.<\/p>\n<p>Assentamento em ambientes com condi\u00e7\u00f5es de uso particularmente severas (saunas, c\u00e2maras frigor\u00edficas, churrasqueiras, etc.)<\/p>\n<p>Assentamento de cer\u00e2micas com absor\u00e7\u00e3o de \u00e1gua \u2264 3%<\/p>\n<p>Sobreposi\u00e7\u00e3o em pisos existentes<\/p>\n<p>Assentamento em fachadas<\/p>\n<\/div>\n<\/div>\n","protected":false},"excerpt":{"rendered":"<p>Argamassa colante para cer\u00e2micas em \u00e1reas internas e externas. Cor: Cinza Utiliza\u00e7\u00e3o FASSA.COLA EXTERIOR AC II \u00e9 utilizada para o&hellip;<\/p>\n","protected":false},"featured_media":329,"template":"","meta":[],"product_brand":[],"product_cat":[15,33],"product_tag":[],"class_list":{"0":"post-328","1":"product","2":"type-product","3":"status-publish","4":"has-post-thumbnail","6":"product_cat-sem-categoria","7":"product_cat-material-grosso","9":"first","10":"instock","11":"shipping-taxable","12":"product-type-simple"},"_links":{"self":[{"href":"https:\/\/depositobotafogo.com.br\/index.php?rest_route=\/wp\/v2\/product\/328","targetHints":{"allow":["GET"]}}],"collection":[{"href":"https:\/\/depositobotafogo.com.br\/index.php?rest_route=\/wp\/v2\/product"}],"about":[{"href":"https:\/\/depositobotafogo.com.br\/index.php?rest_route=\/wp\/v2\/types\/product"}],"wp:featuredmedia":[{"embeddable":true,"href":"https:\/\/depositobotafogo.com.br\/index.php?rest_route=\/wp\/v2\/media\/329"}],"wp:attachment":[{"href":"https:\/\/depositobotafogo.com.br\/index.php?rest_route=%2Fwp%2Fv2%2Fmedia&parent=328"}],"wp:term":[{"taxonomy":"product_brand","embeddable":true,"href":"https:\/\/depositobotafogo.com.br\/index.php?rest_route=%2Fwp%2Fv2%2Fproduct_brand&post=328"},{"taxonomy":"product_cat","embeddable":true,"href":"https:\/\/depositobotafogo.com.br\/index.php?rest_route=%2Fwp%2Fv2%2Fproduct_cat&post=328"},{"taxonomy":"product_tag","embeddable":true,"href":"https:\/\/depositobotafogo.com.br\/index.php?rest_route=%2Fwp%2Fv2%2Fproduct_tag&post=328"}],"curies":[{"name":"wp","href":"https:\/\/api.w.org\/{rel}","templated":true}]}}