{"id":488,"date":"2024-05-23T14:04:00","date_gmt":"2024-05-23T17:04:00","guid":{"rendered":"https:\/\/depositobotafogo.com.br\/?post_type=product&#038;p=488"},"modified":"2024-05-29T09:33:27","modified_gmt":"2024-05-29T12:33:27","slug":"porcelanato-gaudi-armani-bronze","status":"publish","type":"product","link":"https:\/\/depositobotafogo.com.br\/?product=porcelanato-gaudi-armani-bronze","title":{"rendered":"PORCELANATO GAUDI ARMANI BRONZE"},"content":{"rendered":"<p><span class=\"tit-carac\">COLE\u00c7\u00c3O:<\/span><span class=\"desc-carac\">Palazzo<\/span><\/p>\n<p><span class=\"tit-carac\">ACABAMENTO:<\/span><span class=\"desc-carac\">Polido<\/span><\/p>\n<p><span class=\"tit-carac\">FORMATO:<\/span><span class=\"desc-carac\">60 x 60 cm<\/span><\/p>\n<p><span class=\"tit-carac\">VARIA\u00c7\u00c3O DE TONALIDADE:<\/span><span class=\"desc-carac\">V2 &#8211; Pouca varia\u00e7\u00e3o<\/span><\/p>\n<p><span class=\"tit-carac\">QUANTIDADE DE FACES:<\/span><span class=\"desc-carac\">6<\/span><\/p>\n<p><span class=\"tit-carac\">LOCAL DE USO:<\/span><span class=\"desc-carac\">LB &#8211; Baixo tr\u00e1fego<\/span><\/p>\n<p><span class=\"tit-carac\">BORDA:<\/span><span class=\"desc-carac\">RETIFICADO<\/span><\/p>\n<p><span class=\"tit-carac\">JUNTA DE ASSENTAMENTO:<\/span><span class=\"desc-carac\">1,5 mm<\/span><img fetchpriority=\"high\" decoding=\"async\" class=\"alignnone size-full wp-image-489\" src=\"http:\/\/depositobotafogo.com.br\/wp-content\/uploads\/2024\/05\/ARMANI-AMB.jpg\" alt=\"\" width=\"800\" height=\"823\" srcset=\"https:\/\/depositobotafogo.com.br\/wp-content\/uploads\/2024\/05\/ARMANI-AMB.jpg 800w, https:\/\/depositobotafogo.com.br\/wp-content\/uploads\/2024\/05\/ARMANI-AMB-292x300.jpg 292w, https:\/\/depositobotafogo.com.br\/wp-content\/uploads\/2024\/05\/ARMANI-AMB-768x790.jpg 768w, https:\/\/depositobotafogo.com.br\/wp-content\/uploads\/2024\/05\/ARMANI-AMB-600x617.jpg 600w\" sizes=\"(max-width: 800px) 100vw, 800px\" \/> <img decoding=\"async\" class=\"alignnone size-large wp-image-490\" src=\"http:\/\/depositobotafogo.com.br\/wp-content\/uploads\/2024\/05\/ARMANI.jpg\" alt=\"\" width=\"525\" height=\"525\" srcset=\"https:\/\/depositobotafogo.com.br\/wp-content\/uploads\/2024\/05\/ARMANI.jpg 800w, https:\/\/depositobotafogo.com.br\/wp-content\/uploads\/2024\/05\/ARMANI-300x300.jpg 300w, https:\/\/depositobotafogo.com.br\/wp-content\/uploads\/2024\/05\/ARMANI-150x150.jpg 150w, https:\/\/depositobotafogo.com.br\/wp-content\/uploads\/2024\/05\/ARMANI-768x768.jpg 768w, https:\/\/depositobotafogo.com.br\/wp-content\/uploads\/2024\/05\/ARMANI-600x600.jpg 600w, https:\/\/depositobotafogo.com.br\/wp-content\/uploads\/2024\/05\/ARMANI-100x100.jpg 100w\" sizes=\"(max-width: 525px) 100vw, 525px\" \/><\/p>\n","protected":false},"excerpt":{"rendered":"<p>COLE\u00c7\u00c3O:Palazzo ACABAMENTO:Polido FORMATO:60 x 60 cm VARIA\u00c7\u00c3O DE TONALIDADE:V2 &#8211; Pouca varia\u00e7\u00e3o QUANTIDADE DE FACES:6 LOCAL DE USO:LB &#8211; Baixo&hellip;<\/p>\n","protected":false},"featured_media":490,"template":"","meta":[],"product_brand":[],"product_cat":[15,35],"product_tag":[],"class_list":{"0":"post-488","1":"product","2":"type-product","3":"status-publish","4":"has-post-thumbnail","6":"product_cat-sem-categoria","7":"product_cat-revestimentos-pisos-e-porcelanatos","9":"first","10":"instock","11":"shipping-taxable","12":"product-type-simple"},"_links":{"self":[{"href":"https:\/\/depositobotafogo.com.br\/index.php?rest_route=\/wp\/v2\/product\/488","targetHints":{"allow":["GET"]}}],"collection":[{"href":"https:\/\/depositobotafogo.com.br\/index.php?rest_route=\/wp\/v2\/product"}],"about":[{"href":"https:\/\/depositobotafogo.com.br\/index.php?rest_route=\/wp\/v2\/types\/product"}],"wp:featuredmedia":[{"embeddable":true,"href":"https:\/\/depositobotafogo.com.br\/index.php?rest_route=\/wp\/v2\/media\/490"}],"wp:attachment":[{"href":"https:\/\/depositobotafogo.com.br\/index.php?rest_route=%2Fwp%2Fv2%2Fmedia&parent=488"}],"wp:term":[{"taxonomy":"product_brand","embeddable":true,"href":"https:\/\/depositobotafogo.com.br\/index.php?rest_route=%2Fwp%2Fv2%2Fproduct_brand&post=488"},{"taxonomy":"product_cat","embeddable":true,"href":"https:\/\/depositobotafogo.com.br\/index.php?rest_route=%2Fwp%2Fv2%2Fproduct_cat&post=488"},{"taxonomy":"product_tag","embeddable":true,"href":"https:\/\/depositobotafogo.com.br\/index.php?rest_route=%2Fwp%2Fv2%2Fproduct_tag&post=488"}],"curies":[{"name":"wp","href":"https:\/\/api.w.org\/{rel}","templated":true}]}}