{"id":557,"date":"2024-05-28T12:34:15","date_gmt":"2024-05-28T15:34:15","guid":{"rendered":"https:\/\/depositobotafogo.com.br\/?post_type=product&#038;p=557"},"modified":"2024-05-29T09:27:23","modified_gmt":"2024-05-29T12:27:23","slug":"piso-cedasa-hd1720","status":"publish","type":"product","link":"https:\/\/depositobotafogo.com.br\/?product=piso-cedasa-hd1720","title":{"rendered":"PISO CEDASA HD1720"},"content":{"rendered":"<h4 class=\"page-title\">PISOS HD1720<\/h4>\n<p>Tipo: LINHA 58&#215;58<\/p>\n<p>Tamanho: 58&#215;58<\/p>\n<p>Local de Uso: LE &#8211;<\/p>\n<p>Indicado para uso como piso em todos os ambientes residenciais. Pode ser utilizado em \u00e1reas molhadas e \u00e1reas descobertas. Tamb\u00e9m pode ser utilizado em locais\u00a0<strong>LA, LB, LC e LD<\/strong>.<\/p>\n<p>&nbsp;<\/p>\n<p>Faces: 3<\/p>\n<p>Acabamento: Maior Resist\u00eancia ao Escorregamento &#8211;\u00a0<b>N\u00c3O<\/b>\u00a0recomendamos utilizar os pisos cer\u00e2micos em cal\u00e7adas externas (passeio p\u00fablico), em \u00e1rea de piscina ou em rampas (independentemente de sua inclina\u00e7\u00e3o), pois pode causar o risco de escorregamentos. Para o entorno de piscinas, recomenda-se o uso de pedra, madeira ou concreto.<\/p>\n<p>Classifica\u00e7\u00e3o Tonal:\u00a0<a href=\"https:\/\/www.cedasa.com.br\/informacoes\/especificacoes-tecnicas#tonal\">V3 &#8211; Varia\u00e7\u00e3o Moderada<\/a><\/p>\n<p>\u00c1rea: Pisos Internos e Externos Residenciais<\/p>\n<p><img fetchpriority=\"high\" decoding=\"async\" class=\"alignnone size-full wp-image-558\" src=\"http:\/\/depositobotafogo.com.br\/wp-content\/uploads\/2024\/05\/1720.jpg\" alt=\"\" width=\"500\" height=\"500\" srcset=\"https:\/\/depositobotafogo.com.br\/wp-content\/uploads\/2024\/05\/1720.jpg 500w, https:\/\/depositobotafogo.com.br\/wp-content\/uploads\/2024\/05\/1720-300x300.jpg 300w, https:\/\/depositobotafogo.com.br\/wp-content\/uploads\/2024\/05\/1720-150x150.jpg 150w, https:\/\/depositobotafogo.com.br\/wp-content\/uploads\/2024\/05\/1720-100x100.jpg 100w\" sizes=\"(max-width: 500px) 100vw, 500px\" \/> <img decoding=\"async\" class=\"alignnone size-large wp-image-559\" src=\"http:\/\/depositobotafogo.com.br\/wp-content\/uploads\/2024\/05\/1720AMB-1024x768.jpg\" alt=\"\" width=\"525\" height=\"394\" srcset=\"https:\/\/depositobotafogo.com.br\/wp-content\/uploads\/2024\/05\/1720AMB-1024x768.jpg 1024w, https:\/\/depositobotafogo.com.br\/wp-content\/uploads\/2024\/05\/1720AMB-300x225.jpg 300w, https:\/\/depositobotafogo.com.br\/wp-content\/uploads\/2024\/05\/1720AMB-768x576.jpg 768w, https:\/\/depositobotafogo.com.br\/wp-content\/uploads\/2024\/05\/1720AMB-1536x1152.jpg 1536w, https:\/\/depositobotafogo.com.br\/wp-content\/uploads\/2024\/05\/1720AMB-2048x1536.jpg 2048w, https:\/\/depositobotafogo.com.br\/wp-content\/uploads\/2024\/05\/1720AMB-600x450.jpg 600w\" sizes=\"(max-width: 525px) 100vw, 525px\" \/><\/p>\n","protected":false},"excerpt":{"rendered":"<p>PISOS HD1720 Tipo: LINHA 58&#215;58 Tamanho: 58&#215;58 Local de Uso: LE &#8211; Indicado para uso como piso em todos os&hellip;<\/p>\n","protected":false},"featured_media":558,"template":"","meta":[],"product_brand":[],"product_cat":[15,35],"product_tag":[],"class_list":{"0":"post-557","1":"product","2":"type-product","3":"status-publish","4":"has-post-thumbnail","6":"product_cat-sem-categoria","7":"product_cat-revestimentos-pisos-e-porcelanatos","9":"first","10":"instock","11":"shipping-taxable","12":"product-type-simple"},"_links":{"self":[{"href":"https:\/\/depositobotafogo.com.br\/index.php?rest_route=\/wp\/v2\/product\/557","targetHints":{"allow":["GET"]}}],"collection":[{"href":"https:\/\/depositobotafogo.com.br\/index.php?rest_route=\/wp\/v2\/product"}],"about":[{"href":"https:\/\/depositobotafogo.com.br\/index.php?rest_route=\/wp\/v2\/types\/product"}],"wp:featuredmedia":[{"embeddable":true,"href":"https:\/\/depositobotafogo.com.br\/index.php?rest_route=\/wp\/v2\/media\/558"}],"wp:attachment":[{"href":"https:\/\/depositobotafogo.com.br\/index.php?rest_route=%2Fwp%2Fv2%2Fmedia&parent=557"}],"wp:term":[{"taxonomy":"product_brand","embeddable":true,"href":"https:\/\/depositobotafogo.com.br\/index.php?rest_route=%2Fwp%2Fv2%2Fproduct_brand&post=557"},{"taxonomy":"product_cat","embeddable":true,"href":"https:\/\/depositobotafogo.com.br\/index.php?rest_route=%2Fwp%2Fv2%2Fproduct_cat&post=557"},{"taxonomy":"product_tag","embeddable":true,"href":"https:\/\/depositobotafogo.com.br\/index.php?rest_route=%2Fwp%2Fv2%2Fproduct_tag&post=557"}],"curies":[{"name":"wp","href":"https:\/\/api.w.org\/{rel}","templated":true}]}}