{"id":571,"date":"2024-05-28T13:00:10","date_gmt":"2024-05-28T16:00:10","guid":{"rendered":"https:\/\/depositobotafogo.com.br\/?post_type=product&#038;p=571"},"modified":"2024-05-29T09:26:59","modified_gmt":"2024-05-29T12:26:59","slug":"porcelanato-gaudi-calacara-oro-polido","status":"publish","type":"product","link":"https:\/\/depositobotafogo.com.br\/?product=porcelanato-gaudi-calacara-oro-polido","title":{"rendered":"PORCELANATO GAUDI CALACARA ORO POLIDO"},"content":{"rendered":"<p>CALACARA ORO POLIDO<\/p>\n<p><span class=\"tit-carac\">COLE\u00c7\u00c3O:<\/span><span class=\"desc-carac\">Palazzo<\/span><\/p>\n<p><span class=\"tit-carac\">ACABAMENTO:<\/span><span class=\"desc-carac\">Polido<\/span><\/p>\n<p><span class=\"tit-carac\">FORMATO:<\/span><span class=\"desc-carac\">80 x 80 cm<\/span><\/p>\n<p><span class=\"tit-carac\">VARIA\u00c7\u00c3O DE TONALIDADE:<\/span><span class=\"desc-carac\">V3 &#8211; M\u00e9dia varia\u00e7\u00e3o<\/span><\/p>\n<p><span class=\"tit-carac\">QUANTIDADE DE FACES:<\/span><span class=\"desc-carac\">12<\/span><\/p>\n<p><span class=\"tit-carac\">LOCAL DE USO:<\/span><span class=\"desc-carac\">LB &#8211; Baixo tr\u00e1fego<\/span><\/p>\n<p><span class=\"tit-carac\">BORDA:<\/span><span class=\"desc-carac\">RETIFICADO<\/span><\/p>\n<p><span class=\"tit-carac\">JUNTA DE ASSENTAMENTO:<\/span><span class=\"desc-carac\">1,5 mm<\/span><\/p>\n<p><span class=\"tit-carac\">INFORMA\u00c7\u00d5ES DA EMBALAGEM:<\/span><\/p>\n<div class=\"table-responsive\">\n<table class=\"table table-striped table-sm \">\n<tbody>\n<tr>\n<td>Pe\u00e7as por caixa<br \/>\n<i><img fetchpriority=\"high\" decoding=\"async\" class=\"alignnone size-full wp-image-572\" src=\"http:\/\/depositobotafogo.com.br\/wp-content\/uploads\/2024\/05\/CALACATA.jpg\" alt=\"\" width=\"800\" height=\"800\" srcset=\"https:\/\/depositobotafogo.com.br\/wp-content\/uploads\/2024\/05\/CALACATA.jpg 800w, https:\/\/depositobotafogo.com.br\/wp-content\/uploads\/2024\/05\/CALACATA-300x300.jpg 300w, https:\/\/depositobotafogo.com.br\/wp-content\/uploads\/2024\/05\/CALACATA-150x150.jpg 150w, https:\/\/depositobotafogo.com.br\/wp-content\/uploads\/2024\/05\/CALACATA-768x768.jpg 768w, https:\/\/depositobotafogo.com.br\/wp-content\/uploads\/2024\/05\/CALACATA-600x600.jpg 600w, https:\/\/depositobotafogo.com.br\/wp-content\/uploads\/2024\/05\/CALACATA-100x100.jpg 100w\" sizes=\"(max-width: 800px) 100vw, 800px\" \/> <img decoding=\"async\" class=\"alignnone size-large wp-image-573\" src=\"http:\/\/depositobotafogo.com.br\/wp-content\/uploads\/2024\/05\/CALACATA1.jpg\" alt=\"\" width=\"525\" height=\"525\" srcset=\"https:\/\/depositobotafogo.com.br\/wp-content\/uploads\/2024\/05\/CALACATA1.jpg 800w, https:\/\/depositobotafogo.com.br\/wp-content\/uploads\/2024\/05\/CALACATA1-300x300.jpg 300w, https:\/\/depositobotafogo.com.br\/wp-content\/uploads\/2024\/05\/CALACATA1-150x150.jpg 150w, https:\/\/depositobotafogo.com.br\/wp-content\/uploads\/2024\/05\/CALACATA1-768x768.jpg 768w, https:\/\/depositobotafogo.com.br\/wp-content\/uploads\/2024\/05\/CALACATA1-600x600.jpg 600w, https:\/\/depositobotafogo.com.br\/wp-content\/uploads\/2024\/05\/CALACATA1-100x100.jpg 100w\" sizes=\"(max-width: 525px) 100vw, 525px\" \/> <img decoding=\"async\" class=\"alignnone size-large wp-image-574\" src=\"http:\/\/depositobotafogo.com.br\/wp-content\/uploads\/2024\/05\/CALACATA2.jpg\" alt=\"\" width=\"525\" height=\"525\" srcset=\"https:\/\/depositobotafogo.com.br\/wp-content\/uploads\/2024\/05\/CALACATA2.jpg 800w, https:\/\/depositobotafogo.com.br\/wp-content\/uploads\/2024\/05\/CALACATA2-300x300.jpg 300w, https:\/\/depositobotafogo.com.br\/wp-content\/uploads\/2024\/05\/CALACATA2-150x150.jpg 150w, https:\/\/depositobotafogo.com.br\/wp-content\/uploads\/2024\/05\/CALACATA2-768x768.jpg 768w, https:\/\/depositobotafogo.com.br\/wp-content\/uploads\/2024\/05\/CALACATA2-600x600.jpg 600w, https:\/\/depositobotafogo.com.br\/wp-content\/uploads\/2024\/05\/CALACATA2-100x100.jpg 100w\" sizes=\"(max-width: 525px) 100vw, 525px\" \/> <img loading=\"lazy\" decoding=\"async\" class=\"alignnone size-large wp-image-575\" src=\"http:\/\/depositobotafogo.com.br\/wp-content\/uploads\/2024\/05\/CALATACAAMB.jpg\" alt=\"\" width=\"525\" height=\"306\" srcset=\"https:\/\/depositobotafogo.com.br\/wp-content\/uploads\/2024\/05\/CALATACAAMB.jpg 800w, https:\/\/depositobotafogo.com.br\/wp-content\/uploads\/2024\/05\/CALATACAAMB-300x175.jpg 300w, https:\/\/depositobotafogo.com.br\/wp-content\/uploads\/2024\/05\/CALATACAAMB-768x447.jpg 768w, https:\/\/depositobotafogo.com.br\/wp-content\/uploads\/2024\/05\/CALATACAAMB-600x350.jpg 600w\" sizes=\"(max-width: 525px) 100vw, 525px\" \/><\/i><\/td>\n<td>4<\/td>\n<\/tr>\n<tr>\n<td>M\u00b2 por caixa (m\u00b2<\/td>\n<td>2,57<\/td>\n<\/tr>\n<\/tbody>\n<\/table>\n<\/div>\n","protected":false},"excerpt":{"rendered":"<p>CALACARA ORO POLIDO COLE\u00c7\u00c3O:Palazzo ACABAMENTO:Polido FORMATO:80 x 80 cm VARIA\u00c7\u00c3O DE TONALIDADE:V3 &#8211; M\u00e9dia varia\u00e7\u00e3o QUANTIDADE DE FACES:12 LOCAL DE&hellip;<\/p>\n","protected":false},"featured_media":574,"template":"","meta":[],"product_brand":[],"product_cat":[15,35],"product_tag":[],"class_list":{"0":"post-571","1":"product","2":"type-product","3":"status-publish","4":"has-post-thumbnail","6":"product_cat-sem-categoria","7":"product_cat-revestimentos-pisos-e-porcelanatos","9":"first","10":"instock","11":"shipping-taxable","12":"product-type-simple"},"_links":{"self":[{"href":"https:\/\/depositobotafogo.com.br\/index.php?rest_route=\/wp\/v2\/product\/571","targetHints":{"allow":["GET"]}}],"collection":[{"href":"https:\/\/depositobotafogo.com.br\/index.php?rest_route=\/wp\/v2\/product"}],"about":[{"href":"https:\/\/depositobotafogo.com.br\/index.php?rest_route=\/wp\/v2\/types\/product"}],"wp:featuredmedia":[{"embeddable":true,"href":"https:\/\/depositobotafogo.com.br\/index.php?rest_route=\/wp\/v2\/media\/574"}],"wp:attachment":[{"href":"https:\/\/depositobotafogo.com.br\/index.php?rest_route=%2Fwp%2Fv2%2Fmedia&parent=571"}],"wp:term":[{"taxonomy":"product_brand","embeddable":true,"href":"https:\/\/depositobotafogo.com.br\/index.php?rest_route=%2Fwp%2Fv2%2Fproduct_brand&post=571"},{"taxonomy":"product_cat","embeddable":true,"href":"https:\/\/depositobotafogo.com.br\/index.php?rest_route=%2Fwp%2Fv2%2Fproduct_cat&post=571"},{"taxonomy":"product_tag","embeddable":true,"href":"https:\/\/depositobotafogo.com.br\/index.php?rest_route=%2Fwp%2Fv2%2Fproduct_tag&post=571"}],"curies":[{"name":"wp","href":"https:\/\/api.w.org\/{rel}","templated":true}]}}