{"id":772,"date":"2024-08-03T07:26:50","date_gmt":"2024-08-03T10:26:50","guid":{"rendered":"https:\/\/depositobotafogo.com.br\/?post_type=product&#038;p=772"},"modified":"2024-08-03T07:26:51","modified_gmt":"2024-08-03T10:26:51","slug":"churrasqueira-a-bafo-botijao-duplo-grande","status":"publish","type":"product","link":"https:\/\/depositobotafogo.com.br\/?product=churrasqueira-a-bafo-botijao-duplo-grande","title":{"rendered":"CHURRASQUEIRA \u00c0 BAFO BOTIJ\u00c3O DUPLO (GRANDE)"},"content":{"rendered":"<p>IDEAL PARA A FAM\u00cdLIA. F\u00c1CIL DE CARREGAR E COMPACTA.<\/p>\n","protected":false},"excerpt":{"rendered":"<p>IDEAL PARA A FAM\u00cdLIA. F\u00c1CIL DE CARREGAR E COMPACTA.<\/p>\n","protected":false},"featured_media":755,"template":"","meta":[],"product_brand":[],"product_cat":[15,36],"product_tag":[],"class_list":{"0":"post-772","1":"product","2":"type-product","3":"status-publish","4":"has-post-thumbnail","6":"product_cat-sem-categoria","7":"product_cat-churrasqueiras","9":"first","10":"instock","11":"shipping-taxable","12":"product-type-simple"},"_links":{"self":[{"href":"https:\/\/depositobotafogo.com.br\/index.php?rest_route=\/wp\/v2\/product\/772","targetHints":{"allow":["GET"]}}],"collection":[{"href":"https:\/\/depositobotafogo.com.br\/index.php?rest_route=\/wp\/v2\/product"}],"about":[{"href":"https:\/\/depositobotafogo.com.br\/index.php?rest_route=\/wp\/v2\/types\/product"}],"wp:featuredmedia":[{"embeddable":true,"href":"https:\/\/depositobotafogo.com.br\/index.php?rest_route=\/wp\/v2\/media\/755"}],"wp:attachment":[{"href":"https:\/\/depositobotafogo.com.br\/index.php?rest_route=%2Fwp%2Fv2%2Fmedia&parent=772"}],"wp:term":[{"taxonomy":"product_brand","embeddable":true,"href":"https:\/\/depositobotafogo.com.br\/index.php?rest_route=%2Fwp%2Fv2%2Fproduct_brand&post=772"},{"taxonomy":"product_cat","embeddable":true,"href":"https:\/\/depositobotafogo.com.br\/index.php?rest_route=%2Fwp%2Fv2%2Fproduct_cat&post=772"},{"taxonomy":"product_tag","embeddable":true,"href":"https:\/\/depositobotafogo.com.br\/index.php?rest_route=%2Fwp%2Fv2%2Fproduct_tag&post=772"}],"curies":[{"name":"wp","href":"https:\/\/api.w.org\/{rel}","templated":true}]}}