{"id":776,"date":"2024-08-03T07:32:21","date_gmt":"2024-08-03T10:32:21","guid":{"rendered":"https:\/\/depositobotafogo.com.br\/?post_type=product&#038;p=776"},"modified":"2024-08-03T07:32:21","modified_gmt":"2024-08-03T10:32:21","slug":"churrasqueira-a-bafo-de-aluminio-batido-grande-com-pe","status":"publish","type":"product","link":"https:\/\/depositobotafogo.com.br\/?product=churrasqueira-a-bafo-de-aluminio-batido-grande-com-pe","title":{"rendered":"CHURRASQUEIRA \u00c0 BAFO DE ALUM\u00cdNIO BATIDO GRANDE COM P\u00c9"},"content":{"rendered":"<p>CHURRASQUEIRA \u00c0 BAFO DE ALUM\u00cdNIO BATIDO GRANDE COM P\u00c9<\/p>\n<p>PODE SER USADA COM OU SEM P\u00c9.<\/p>\n","protected":false},"excerpt":{"rendered":"<p>CHURRASQUEIRA \u00c0 BAFO DE ALUM\u00cdNIO BATIDO GRANDE COM P\u00c9 PODE SER USADA COM OU SEM P\u00c9.<\/p>\n","protected":false},"featured_media":767,"template":"","meta":[],"product_brand":[],"product_cat":[15,36],"product_tag":[],"class_list":{"0":"post-776","1":"product","2":"type-product","3":"status-publish","4":"has-post-thumbnail","6":"product_cat-sem-categoria","7":"product_cat-churrasqueiras","9":"first","10":"instock","11":"shipping-taxable","12":"product-type-simple"},"_links":{"self":[{"href":"https:\/\/depositobotafogo.com.br\/index.php?rest_route=\/wp\/v2\/product\/776","targetHints":{"allow":["GET"]}}],"collection":[{"href":"https:\/\/depositobotafogo.com.br\/index.php?rest_route=\/wp\/v2\/product"}],"about":[{"href":"https:\/\/depositobotafogo.com.br\/index.php?rest_route=\/wp\/v2\/types\/product"}],"wp:featuredmedia":[{"embeddable":true,"href":"https:\/\/depositobotafogo.com.br\/index.php?rest_route=\/wp\/v2\/media\/767"}],"wp:attachment":[{"href":"https:\/\/depositobotafogo.com.br\/index.php?rest_route=%2Fwp%2Fv2%2Fmedia&parent=776"}],"wp:term":[{"taxonomy":"product_brand","embeddable":true,"href":"https:\/\/depositobotafogo.com.br\/index.php?rest_route=%2Fwp%2Fv2%2Fproduct_brand&post=776"},{"taxonomy":"product_cat","embeddable":true,"href":"https:\/\/depositobotafogo.com.br\/index.php?rest_route=%2Fwp%2Fv2%2Fproduct_cat&post=776"},{"taxonomy":"product_tag","embeddable":true,"href":"https:\/\/depositobotafogo.com.br\/index.php?rest_route=%2Fwp%2Fv2%2Fproduct_tag&post=776"}],"curies":[{"name":"wp","href":"https:\/\/api.w.org\/{rel}","templated":true}]}}