{"id":777,"date":"2024-08-03T07:39:55","date_gmt":"2024-08-03T10:39:55","guid":{"rendered":"https:\/\/depositobotafogo.com.br\/?post_type=product&#038;p=777"},"modified":"2024-08-03T07:40:12","modified_gmt":"2024-08-03T10:40:12","slug":"churrasqueira-a-bafo-de-aluminio-batido-pequena-com-pe","status":"publish","type":"product","link":"https:\/\/depositobotafogo.com.br\/?product=churrasqueira-a-bafo-de-aluminio-batido-pequena-com-pe","title":{"rendered":"CHURRASQUEIRA \u00c0 BAFO DE ALUM\u00cdNIO BATIDO PEQUENA COM P\u00c9"},"content":{"rendered":"<p>CHURRASQUEIRA \u00c0 BAFO DE ALUM\u00cdNIO BATIDO PEQUENA COM P\u00c9<\/p>\n","protected":false},"excerpt":{"rendered":"<p>CHURRASQUEIRA \u00c0 BAFO DE ALUM\u00cdNIO BATIDO PEQUENA COM P\u00c9<\/p>\n","protected":false},"featured_media":780,"template":"","meta":[],"product_brand":[],"product_cat":[15,36],"product_tag":[],"class_list":{"0":"post-777","1":"product","2":"type-product","3":"status-publish","4":"has-post-thumbnail","6":"product_cat-sem-categoria","7":"product_cat-churrasqueiras","9":"first","10":"instock","11":"shipping-taxable","12":"product-type-simple"},"_links":{"self":[{"href":"https:\/\/depositobotafogo.com.br\/index.php?rest_route=\/wp\/v2\/product\/777","targetHints":{"allow":["GET"]}}],"collection":[{"href":"https:\/\/depositobotafogo.com.br\/index.php?rest_route=\/wp\/v2\/product"}],"about":[{"href":"https:\/\/depositobotafogo.com.br\/index.php?rest_route=\/wp\/v2\/types\/product"}],"wp:featuredmedia":[{"embeddable":true,"href":"https:\/\/depositobotafogo.com.br\/index.php?rest_route=\/wp\/v2\/media\/780"}],"wp:attachment":[{"href":"https:\/\/depositobotafogo.com.br\/index.php?rest_route=%2Fwp%2Fv2%2Fmedia&parent=777"}],"wp:term":[{"taxonomy":"product_brand","embeddable":true,"href":"https:\/\/depositobotafogo.com.br\/index.php?rest_route=%2Fwp%2Fv2%2Fproduct_brand&post=777"},{"taxonomy":"product_cat","embeddable":true,"href":"https:\/\/depositobotafogo.com.br\/index.php?rest_route=%2Fwp%2Fv2%2Fproduct_cat&post=777"},{"taxonomy":"product_tag","embeddable":true,"href":"https:\/\/depositobotafogo.com.br\/index.php?rest_route=%2Fwp%2Fv2%2Fproduct_tag&post=777"}],"curies":[{"name":"wp","href":"https:\/\/api.w.org\/{rel}","templated":true}]}}